{"id":258,"date":"2025-06-02T14:54:25","date_gmt":"2025-06-02T14:54:25","guid":{"rendered":"https:\/\/leanepdv.com\/?page_id=258"},"modified":"2025-10-16T14:30:15","modified_gmt":"2025-10-16T14:30:15","slug":"strongher","status":"publish","type":"page","link":"https:\/\/leanepdv.com\/?page_id=258","title":{"rendered":"StrongHer"},"content":{"rendered":"\t\t<div data-elementor-type=\"wp-page\" data-elementor-id=\"258\" class=\"elementor elementor-258\" data-elementor-post-type=\"page\">\n\t\t\t\t<div class=\"elementor-element elementor-element-c146899 e-con-full e-flex e-con e-parent\" data-id=\"c146899\" data-element_type=\"container\" data-settings=\"{&quot;background_background&quot;:&quot;classic&quot;}\">\n\t\t\t\t<div class=\"elementor-element elementor-element-c4f706f elementor-widget elementor-widget-image\" data-id=\"c4f706f\" data-element_type=\"widget\" data-widget_type=\"image.default\">\n\t\t\t\t<div class=\"elementor-widget-container\">\n\t\t\t\t\t\t\t\t\t\t\t\t\t\t\t<img fetchpriority=\"high\" decoding=\"async\" width=\"2560\" height=\"1446\" src=\"https:\/\/leanepdv.com\/wp-content\/uploads\/2025\/10\/TempletPortfolio-2-scaled.jpg\" class=\"attachment-full size-full wp-image-691\" alt=\"\" srcset=\"https:\/\/leanepdv.com\/wp-content\/uploads\/2025\/10\/TempletPortfolio-2-scaled.jpg 2560w, https:\/\/leanepdv.com\/wp-content\/uploads\/2025\/10\/TempletPortfolio-2-300x169.jpg 300w, https:\/\/leanepdv.com\/wp-content\/uploads\/2025\/10\/TempletPortfolio-2-1024x578.jpg 1024w, https:\/\/leanepdv.com\/wp-content\/uploads\/2025\/10\/TempletPortfolio-2-768x434.jpg 768w, https:\/\/leanepdv.com\/wp-content\/uploads\/2025\/10\/TempletPortfolio-2-1536x868.jpg 1536w, https:\/\/leanepdv.com\/wp-content\/uploads\/2025\/10\/TempletPortfolio-2-2048x1157.jpg 2048w\" sizes=\"(max-width: 2560px) 100vw, 2560px\" \/>\t\t\t\t\t\t\t\t\t\t\t\t\t\t\t<\/div>\n\t\t\t\t<\/div>\n\t\t\t\t<\/div>\n\t\t<div class=\"elementor-element elementor-element-d088203 e-flex e-con-boxed e-con e-parent\" data-id=\"d088203\" data-element_type=\"container\">\n\t\t\t\t\t<div class=\"e-con-inner\">\n\t\t\t\t<div class=\"elementor-element elementor-element-15993c9 elementor-widget elementor-widget-heading\" data-id=\"15993c9\" data-element_type=\"widget\" data-widget_type=\"heading.default\">\n\t\t\t\t<div class=\"elementor-widget-container\">\n\t\t\t\t\t<h2 class=\"elementor-heading-title elementor-size-default\">StrongHer<\/h2>\t\t\t\t<\/div>\n\t\t\t\t<\/div>\n\t\t\t\t<div class=\"elementor-element elementor-element-33bf712 elementor-widget elementor-widget-text-editor\" data-id=\"33bf712\" data-element_type=\"widget\" data-widget_type=\"text-editor.default\">\n\t\t\t\t<div class=\"elementor-widget-container\">\n\t\t\t\t\t\t\t\t\t<p>Cr\u00e9ation de StrongHer, une marque de gants de musculation premium 100 % f\u00e9minine, d\u00e9velopp\u00e9e en collaboration avec Giuliano. \u00c0 travers son identit\u00e9 visuelle et son tone of voice, la marque d\u00e9fend la force f\u00e9minine, la qualit\u00e9 et la motivation, en proposant des \u00e9quipements con\u00e7us pour que les femmes<br \/>se sentent puissantes tout en se prot\u00e9geant.<\/p>\t\t\t\t\t\t\t\t<\/div>\n\t\t\t\t<\/div>\n\t\t\t\t\t<\/div>\n\t\t\t\t<\/div>\n\t\t<div class=\"elementor-element elementor-element-a74cb2a e-flex e-con-boxed e-con e-parent\" data-id=\"a74cb2a\" data-element_type=\"container\">\n\t\t\t\t\t<div class=\"e-con-inner\">\n\t\t\t\t<div class=\"elementor-element elementor-element-f48c7cb elementor-widget elementor-widget-image\" data-id=\"f48c7cb\" data-element_type=\"widget\" data-widget_type=\"image.default\">\n\t\t\t\t<div class=\"elementor-widget-container\">\n\t\t\t\t\t\t\t\t\t\t\t\t\t\t\t<img decoding=\"async\" src=\"https:\/\/leanepdv.com\/wp-content\/uploads\/2025\/06\/Logo-2.png\" title=\"\" alt=\"\" loading=\"lazy\" \/>\t\t\t\t\t\t\t\t\t\t\t\t\t\t\t<\/div>\n\t\t\t\t<\/div>\n\t\t\t\t\t<\/div>\n\t\t\t\t<\/div>\n\t\t<div class=\"elementor-element elementor-element-f863799 e-flex e-con-boxed e-con e-parent\" data-id=\"f863799\" data-element_type=\"container\">\n\t\t\t\t\t<div class=\"e-con-inner\">\n\t\t\t\t<div class=\"elementor-element elementor-element-91776af elementor-widget elementor-widget-image\" data-id=\"91776af\" data-element_type=\"widget\" data-widget_type=\"image.default\">\n\t\t\t\t<div class=\"elementor-widget-container\">\n\t\t\t\t\t\t\t\t\t\t\t\t\t\t\t<img decoding=\"async\" width=\"1610\" height=\"1000\" src=\"https:\/\/leanepdv.com\/wp-content\/uploads\/2025\/10\/nouveau-portfolio-1-1.jpg\" class=\"attachment-full size-full wp-image-814\" alt=\"\" srcset=\"https:\/\/leanepdv.com\/wp-content\/uploads\/2025\/10\/nouveau-portfolio-1-1.jpg 1610w, https:\/\/leanepdv.com\/wp-content\/uploads\/2025\/10\/nouveau-portfolio-1-1-300x186.jpg 300w, https:\/\/leanepdv.com\/wp-content\/uploads\/2025\/10\/nouveau-portfolio-1-1-1024x636.jpg 1024w, https:\/\/leanepdv.com\/wp-content\/uploads\/2025\/10\/nouveau-portfolio-1-1-768x477.jpg 768w, https:\/\/leanepdv.com\/wp-content\/uploads\/2025\/10\/nouveau-portfolio-1-1-1536x954.jpg 1536w\" sizes=\"(max-width: 1610px) 100vw, 1610px\" \/>\t\t\t\t\t\t\t\t\t\t\t\t\t\t\t<\/div>\n\t\t\t\t<\/div>\n\t\t\t\t\t<\/div>\n\t\t\t\t<\/div>\n\t\t<div class=\"elementor-element elementor-element-63c23a7 e-flex e-con-boxed e-con e-parent\" data-id=\"63c23a7\" data-element_type=\"container\">\n\t\t\t\t\t<div class=\"e-con-inner\">\n\t\t\t\t<div class=\"elementor-element elementor-element-a34aa71 elementor-widget elementor-widget-image\" data-id=\"a34aa71\" data-element_type=\"widget\" data-widget_type=\"image.default\">\n\t\t\t\t<div class=\"elementor-widget-container\">\n\t\t\t\t\t\t\t\t\t\t\t\t\t\t\t<img decoding=\"async\" width=\"1610\" height=\"1000\" src=\"https:\/\/leanepdv.com\/wp-content\/uploads\/2025\/10\/nouveau-portfolio-2.jpg\" class=\"attachment-full size-full wp-image-812\" alt=\"\" srcset=\"https:\/\/leanepdv.com\/wp-content\/uploads\/2025\/10\/nouveau-portfolio-2.jpg 1610w, https:\/\/leanepdv.com\/wp-content\/uploads\/2025\/10\/nouveau-portfolio-2-300x186.jpg 300w, https:\/\/leanepdv.com\/wp-content\/uploads\/2025\/10\/nouveau-portfolio-2-1024x636.jpg 1024w, https:\/\/leanepdv.com\/wp-content\/uploads\/2025\/10\/nouveau-portfolio-2-768x477.jpg 768w, https:\/\/leanepdv.com\/wp-content\/uploads\/2025\/10\/nouveau-portfolio-2-1536x954.jpg 1536w\" sizes=\"(max-width: 1610px) 100vw, 1610px\" \/>\t\t\t\t\t\t\t\t\t\t\t\t\t\t\t<\/div>\n\t\t\t\t<\/div>\n\t\t\t\t\t<\/div>\n\t\t\t\t<\/div>\n\t\t<div class=\"elementor-element elementor-element-370431b e-flex e-con-boxed e-con e-parent\" data-id=\"370431b\" data-element_type=\"container\">\n\t\t\t\t\t<div class=\"e-con-inner\">\n\t\t\t\t<div class=\"elementor-element elementor-element-225c831 elementor-widget elementor-widget-image\" data-id=\"225c831\" data-element_type=\"widget\" data-widget_type=\"image.default\">\n\t\t\t\t<div class=\"elementor-widget-container\">\n\t\t\t\t\t\t\t\t\t\t\t\t\t\t\t<img loading=\"lazy\" decoding=\"async\" width=\"1610\" height=\"1000\" src=\"https:\/\/leanepdv.com\/wp-content\/uploads\/2025\/10\/nouveau-portfolio-3.jpg\" class=\"attachment-full size-full wp-image-811\" alt=\"\" srcset=\"https:\/\/leanepdv.com\/wp-content\/uploads\/2025\/10\/nouveau-portfolio-3.jpg 1610w, https:\/\/leanepdv.com\/wp-content\/uploads\/2025\/10\/nouveau-portfolio-3-300x186.jpg 300w, https:\/\/leanepdv.com\/wp-content\/uploads\/2025\/10\/nouveau-portfolio-3-1024x636.jpg 1024w, https:\/\/leanepdv.com\/wp-content\/uploads\/2025\/10\/nouveau-portfolio-3-768x477.jpg 768w, https:\/\/leanepdv.com\/wp-content\/uploads\/2025\/10\/nouveau-portfolio-3-1536x954.jpg 1536w\" sizes=\"(max-width: 1610px) 100vw, 1610px\" \/>\t\t\t\t\t\t\t\t\t\t\t\t\t\t\t<\/div>\n\t\t\t\t<\/div>\n\t\t\t\t\t<\/div>\n\t\t\t\t<\/div>\n\t\t<div class=\"elementor-element elementor-element-bb9271d e-flex e-con-boxed e-con e-parent\" data-id=\"bb9271d\" data-element_type=\"container\">\n\t\t\t\t\t<div class=\"e-con-inner\">\n\t\t\t\t<div class=\"elementor-element elementor-element-2a462ce elementor-widget elementor-widget-image\" data-id=\"2a462ce\" data-element_type=\"widget\" data-widget_type=\"image.default\">\n\t\t\t\t<div class=\"elementor-widget-container\">\n\t\t\t\t\t\t\t\t\t\t\t\t\t\t\t<img loading=\"lazy\" decoding=\"async\" width=\"1610\" height=\"1000\" src=\"https:\/\/leanepdv.com\/wp-content\/uploads\/2025\/10\/nouveau-portfolio-4.jpg\" class=\"attachment-full size-full wp-image-818\" alt=\"\" srcset=\"https:\/\/leanepdv.com\/wp-content\/uploads\/2025\/10\/nouveau-portfolio-4.jpg 1610w, https:\/\/leanepdv.com\/wp-content\/uploads\/2025\/10\/nouveau-portfolio-4-300x186.jpg 300w, https:\/\/leanepdv.com\/wp-content\/uploads\/2025\/10\/nouveau-portfolio-4-1024x636.jpg 1024w, https:\/\/leanepdv.com\/wp-content\/uploads\/2025\/10\/nouveau-portfolio-4-768x477.jpg 768w, https:\/\/leanepdv.com\/wp-content\/uploads\/2025\/10\/nouveau-portfolio-4-1536x954.jpg 1536w\" sizes=\"(max-width: 1610px) 100vw, 1610px\" \/>\t\t\t\t\t\t\t\t\t\t\t\t\t\t\t<\/div>\n\t\t\t\t<\/div>\n\t\t\t\t\t<\/div>\n\t\t\t\t<\/div>\n\t\t<div class=\"elementor-element elementor-element-e9ddfea e-flex e-con-boxed e-con e-parent\" data-id=\"e9ddfea\" data-element_type=\"container\">\n\t\t\t\t\t<div class=\"e-con-inner\">\n\t\t\t\t<div class=\"elementor-element elementor-element-c686c67 elementor-widget elementor-widget-image\" data-id=\"c686c67\" data-element_type=\"widget\" data-widget_type=\"image.default\">\n\t\t\t\t<div class=\"elementor-widget-container\">\n\t\t\t\t\t\t\t\t\t\t\t\t\t\t\t<img loading=\"lazy\" decoding=\"async\" width=\"1610\" height=\"1000\" src=\"https:\/\/leanepdv.com\/wp-content\/uploads\/2025\/10\/nouveau-portfolio-5.jpg\" class=\"attachment-full size-full wp-image-819\" alt=\"\" srcset=\"https:\/\/leanepdv.com\/wp-content\/uploads\/2025\/10\/nouveau-portfolio-5.jpg 1610w, https:\/\/leanepdv.com\/wp-content\/uploads\/2025\/10\/nouveau-portfolio-5-300x186.jpg 300w, https:\/\/leanepdv.com\/wp-content\/uploads\/2025\/10\/nouveau-portfolio-5-1024x636.jpg 1024w, https:\/\/leanepdv.com\/wp-content\/uploads\/2025\/10\/nouveau-portfolio-5-768x477.jpg 768w, https:\/\/leanepdv.com\/wp-content\/uploads\/2025\/10\/nouveau-portfolio-5-1536x954.jpg 1536w\" sizes=\"(max-width: 1610px) 100vw, 1610px\" \/>\t\t\t\t\t\t\t\t\t\t\t\t\t\t\t<\/div>\n\t\t\t\t<\/div>\n\t\t\t\t\t<\/div>\n\t\t\t\t<\/div>\n\t\t<div class=\"elementor-element elementor-element-3ea877d e-flex e-con-boxed e-con e-parent\" data-id=\"3ea877d\" data-element_type=\"container\">\n\t\t\t\t\t<div class=\"e-con-inner\">\n\t\t\t\t<div class=\"elementor-element elementor-element-061c40b elementor-widget elementor-widget-image\" data-id=\"061c40b\" data-element_type=\"widget\" data-widget_type=\"image.default\">\n\t\t\t\t<div class=\"elementor-widget-container\">\n\t\t\t\t\t\t\t\t\t\t\t\t\t\t\t<img loading=\"lazy\" decoding=\"async\" width=\"1610\" height=\"1000\" src=\"https:\/\/leanepdv.com\/wp-content\/uploads\/2025\/10\/nouveau-portfolio-6.jpg\" class=\"attachment-full size-full wp-image-820\" alt=\"\" srcset=\"https:\/\/leanepdv.com\/wp-content\/uploads\/2025\/10\/nouveau-portfolio-6.jpg 1610w, https:\/\/leanepdv.com\/wp-content\/uploads\/2025\/10\/nouveau-portfolio-6-300x186.jpg 300w, https:\/\/leanepdv.com\/wp-content\/uploads\/2025\/10\/nouveau-portfolio-6-1024x636.jpg 1024w, https:\/\/leanepdv.com\/wp-content\/uploads\/2025\/10\/nouveau-portfolio-6-768x477.jpg 768w, https:\/\/leanepdv.com\/wp-content\/uploads\/2025\/10\/nouveau-portfolio-6-1536x954.jpg 1536w\" sizes=\"(max-width: 1610px) 100vw, 1610px\" \/>\t\t\t\t\t\t\t\t\t\t\t\t\t\t\t<\/div>\n\t\t\t\t<\/div>\n\t\t\t\t\t<\/div>\n\t\t\t\t<\/div>\n\t\t<div class=\"elementor-element elementor-element-12777a0 e-flex e-con-boxed e-con e-parent\" data-id=\"12777a0\" data-element_type=\"container\">\n\t\t\t\t\t<div class=\"e-con-inner\">\n\t\t\t\t<div class=\"elementor-element elementor-element-d89d8cf elementor-widget elementor-widget-image\" data-id=\"d89d8cf\" data-element_type=\"widget\" data-widget_type=\"image.default\">\n\t\t\t\t<div class=\"elementor-widget-container\">\n\t\t\t\t\t\t\t\t\t\t\t\t\t\t\t<img loading=\"lazy\" decoding=\"async\" width=\"1610\" height=\"1000\" src=\"https:\/\/leanepdv.com\/wp-content\/uploads\/2025\/10\/nouveau-portfolio-7.jpg\" class=\"attachment-full size-full wp-image-822\" alt=\"\" srcset=\"https:\/\/leanepdv.com\/wp-content\/uploads\/2025\/10\/nouveau-portfolio-7.jpg 1610w, https:\/\/leanepdv.com\/wp-content\/uploads\/2025\/10\/nouveau-portfolio-7-300x186.jpg 300w, https:\/\/leanepdv.com\/wp-content\/uploads\/2025\/10\/nouveau-portfolio-7-1024x636.jpg 1024w, https:\/\/leanepdv.com\/wp-content\/uploads\/2025\/10\/nouveau-portfolio-7-768x477.jpg 768w, https:\/\/leanepdv.com\/wp-content\/uploads\/2025\/10\/nouveau-portfolio-7-1536x954.jpg 1536w\" sizes=\"(max-width: 1610px) 100vw, 1610px\" \/>\t\t\t\t\t\t\t\t\t\t\t\t\t\t\t<\/div>\n\t\t\t\t<\/div>\n\t\t\t\t\t<\/div>\n\t\t\t\t<\/div>\n\t\t<div class=\"elementor-element elementor-element-824fae7 e-flex e-con-boxed e-con e-parent\" data-id=\"824fae7\" data-element_type=\"container\">\n\t\t\t\t\t<div class=\"e-con-inner\">\n\t\t\t\t<div class=\"elementor-element elementor-element-ef55b27 elementor--h-position-center elementor--v-position-middle elementor-arrows-position-inside elementor-pagination-position-inside elementor-widget elementor-widget-slides\" data-id=\"ef55b27\" data-element_type=\"widget\" data-settings=\"{&quot;navigation&quot;:&quot;both&quot;,&quot;autoplay&quot;:&quot;yes&quot;,&quot;pause_on_hover&quot;:&quot;yes&quot;,&quot;pause_on_interaction&quot;:&quot;yes&quot;,&quot;autoplay_speed&quot;:5000,&quot;infinite&quot;:&quot;yes&quot;,&quot;transition&quot;:&quot;slide&quot;,&quot;transition_speed&quot;:500}\" data-widget_type=\"slides.default\">\n\t\t\t\t<div class=\"elementor-widget-container\">\n\t\t\t\t\t\t\t\t\t<div class=\"elementor-swiper\">\n\t\t\t\t\t<div class=\"elementor-slides-wrapper elementor-main-swiper swiper\" role=\"region\" aria-roledescription=\"carousel\" aria-label=\"Slides\" dir=\"ltr\" data-animation=\"fadeInUp\">\n\t\t\t\t<div class=\"swiper-wrapper elementor-slides\">\n\t\t\t\t\t\t\t\t\t\t<div class=\"elementor-repeater-item-79b25e6 swiper-slide\" role=\"group\" aria-roledescription=\"slide\"><div class=\"swiper-slide-bg\" role=\"img\" aria-label=\"RS1\"><\/div><div class=\"swiper-slide-inner\" ><div class=\"swiper-slide-contents\"><\/div><\/div><\/div><div class=\"elementor-repeater-item-bba087a swiper-slide\" role=\"group\" aria-roledescription=\"slide\"><div class=\"swiper-slide-bg\" role=\"img\" aria-label=\"RS3\"><\/div><div class=\"swiper-slide-inner\" ><div class=\"swiper-slide-contents\"><\/div><\/div><\/div><div class=\"elementor-repeater-item-fc3810d swiper-slide\" role=\"group\" aria-roledescription=\"slide\"><div class=\"swiper-slide-bg\" role=\"img\" aria-label=\"RS2\"><\/div><div class=\"swiper-slide-inner\" ><div class=\"swiper-slide-contents\"><\/div><\/div><\/div><div class=\"elementor-repeater-item-feebabc swiper-slide\" role=\"group\" aria-roledescription=\"slide\"><div class=\"swiper-slide-bg\" role=\"img\" aria-label=\"RS4\"><\/div><div class=\"swiper-slide-inner\" ><div class=\"swiper-slide-contents\"><\/div><\/div><\/div>\t\t\t\t<\/div>\n\t\t\t\t\t\t\t\t\t\t\t\t\t\t\t<div class=\"elementor-swiper-button elementor-swiper-button-prev\" role=\"button\" tabindex=\"0\" aria-label=\"Previous slide\">\n\t\t\t\t\t\t\t<svg aria-hidden=\"true\" class=\"e-font-icon-svg e-eicon-chevron-left\" viewBox=\"0 0 1000 1000\" xmlns=\"http:\/\/www.w3.org\/2000\/svg\"><path d=\"M646 125C629 125 613 133 604 142L308 442C296 454 292 471 292 487 292 504 296 521 308 533L604 854C617 867 629 875 646 875 663 875 679 871 692 858 704 846 713 829 713 812 713 796 708 779 692 767L438 487 692 225C700 217 708 204 708 187 708 171 704 154 692 142 675 129 663 125 646 125Z\"><\/path><\/svg>\t\t\t\t\t\t<\/div>\n\t\t\t\t\t\t<div class=\"elementor-swiper-button elementor-swiper-button-next\" role=\"button\" tabindex=\"0\" aria-label=\"Next slide\">\n\t\t\t\t\t\t\t<svg aria-hidden=\"true\" class=\"e-font-icon-svg e-eicon-chevron-right\" viewBox=\"0 0 1000 1000\" xmlns=\"http:\/\/www.w3.org\/2000\/svg\"><path d=\"M696 533C708 521 713 504 713 487 713 471 708 454 696 446L400 146C388 133 375 125 354 125 338 125 325 129 313 142 300 154 292 171 292 187 292 204 296 221 308 233L563 492 304 771C292 783 288 800 288 817 288 833 296 850 308 863 321 871 338 875 354 875 371 875 388 867 400 854L696 533Z\"><\/path><\/svg>\t\t\t\t\t\t<\/div>\n\t\t\t\t\t\t\t\t\t\t\t\t\t\t\t\t<div class=\"swiper-pagination\"><\/div>\n\t\t\t\t\t\t\t\t\t\t\t\t<\/div>\n\t\t\t\t<\/div>\n\t\t\t\t\t\t\t\t<\/div>\n\t\t\t\t<\/div>\n\t\t\t\t\t<\/div>\n\t\t\t\t<\/div>\n\t\t\t\t<\/div>\n\t\t","protected":false},"excerpt":{"rendered":"<p>StrongHer Cr\u00e9ation de StrongHer, une marque de gants de musculation premium 100 % f\u00e9minine, d\u00e9velopp\u00e9e en collaboration avec Giuliano. \u00c0 [&hellip;]<\/p>\n","protected":false},"author":1,"featured_media":0,"parent":0,"menu_order":0,"comment_status":"closed","ping_status":"closed","template":"","meta":{"site-sidebar-layout":"no-sidebar","site-content-layout":"","ast-site-content-layout":"full-width-container","site-content-style":"default","site-sidebar-style":"default","ast-global-header-display":"","ast-banner-title-visibility":"","ast-main-header-display":"","ast-hfb-above-header-display":"","ast-hfb-below-header-display":"","ast-hfb-mobile-header-display":"","site-post-title":"disabled","ast-breadcrumbs-content":"","ast-featured-img":"disabled","footer-sml-layout":"","theme-transparent-header-meta":"","adv-header-id-meta":"","stick-header-meta":"","header-above-stick-meta":"","header-main-stick-meta":"","header-below-stick-meta":"","astra-migrate-meta-layouts":"default","ast-page-background-enabled":"default","ast-page-background-meta":{"desktop":{"background-color":"var(--ast-global-color-5)","background-image":"","background-repeat":"repeat","background-position":"center center","background-size":"auto","background-attachment":"scroll","background-type":"","background-media":"","overlay-type":"","overlay-color":"","overlay-opacity":"","overlay-gradient":""},"tablet":{"background-color":"","background-image":"","background-repeat":"repeat","background-position":"center center","background-size":"auto","background-attachment":"scroll","background-type":"","background-media":"","overlay-type":"","overlay-color":"","overlay-opacity":"","overlay-gradient":""},"mobile":{"background-color":"","background-image":"","background-repeat":"repeat","background-position":"center center","background-size":"auto","background-attachment":"scroll","background-type":"","background-media":"","overlay-type":"","overlay-color":"","overlay-opacity":"","overlay-gradient":""}},"ast-content-background-meta":{"desktop":{"background-color":"var(--ast-global-color-4)","background-image":"","background-repeat":"repeat","background-position":"center center","background-size":"auto","background-attachment":"scroll","background-type":"","background-media":"","overlay-type":"","overlay-color":"","overlay-opacity":"","overlay-gradient":""},"tablet":{"background-color":"var(--ast-global-color-4)","background-image":"","background-repeat":"repeat","background-position":"center center","background-size":"auto","background-attachment":"scroll","background-type":"","background-media":"","overlay-type":"","overlay-color":"","overlay-opacity":"","overlay-gradient":""},"mobile":{"background-color":"var(--ast-global-color-4)","background-image":"","background-repeat":"repeat","background-position":"center center","background-size":"auto","background-attachment":"scroll","background-type":"","background-media":"","overlay-type":"","overlay-color":"","overlay-opacity":"","overlay-gradient":""}},"footnotes":""},"class_list":["post-258","page","type-page","status-publish","hentry"],"_links":{"self":[{"href":"https:\/\/leanepdv.com\/index.php?rest_route=\/wp\/v2\/pages\/258","targetHints":{"allow":["GET"]}}],"collection":[{"href":"https:\/\/leanepdv.com\/index.php?rest_route=\/wp\/v2\/pages"}],"about":[{"href":"https:\/\/leanepdv.com\/index.php?rest_route=\/wp\/v2\/types\/page"}],"author":[{"embeddable":true,"href":"https:\/\/leanepdv.com\/index.php?rest_route=\/wp\/v2\/users\/1"}],"replies":[{"embeddable":true,"href":"https:\/\/leanepdv.com\/index.php?rest_route=%2Fwp%2Fv2%2Fcomments&post=258"}],"version-history":[{"count":58,"href":"https:\/\/leanepdv.com\/index.php?rest_route=\/wp\/v2\/pages\/258\/revisions"}],"predecessor-version":[{"id":825,"href":"https:\/\/leanepdv.com\/index.php?rest_route=\/wp\/v2\/pages\/258\/revisions\/825"}],"wp:attachment":[{"href":"https:\/\/leanepdv.com\/index.php?rest_route=%2Fwp%2Fv2%2Fmedia&parent=258"}],"curies":[{"name":"wp","href":"https:\/\/api.w.org\/{rel}","templated":true}]}}